ate the remainder when 35 is divided by 31.
4
What is the remainder when 137 is divided by 69?
68
Calculate the remainder when 2451 is divided by 49.
1
Calculate the remainder when 812 is divided by 51.
47
What is the remainder when 300 is divided by 52?
40
What is the remainder when 2360 is divided by 99?
83
Calculate the remainder when 1007 is divided by 16.
15
What is the remainder when 224 is divided by 31?
7
Calculate the remainder when 3259 is divided by 250.
9
What is the remainder when 573 is divided by 12?
9
Calculate the remainder when 264 is divided by 64.
8
What is the remainder when 1974 is divided by 4?
2
What is the remainder when 2760 is divided by 102?
6
Calculate the remainder when 116 is divided by 105.
11
Calculate the remainder when 125 is divided by 36.
17
Calculate the remainder when 277 is divided by 2.
1
What is the remainder when 622 is divided by 48?
46
What is the remainder when 592 is divided by 20?
12
What is the remainder when 212 is divided by 63?
23
Calculate the remainder when 31 is divided by 6.
1
Calculate the remainder when 2753 is divided by 14.
9
Calculate the remainder when 34 is divided by 9.
7
Calculate the remainder when 105 is divided by 6.
3
What is the remainder when 1743 is divided by 686?
371
What is the remainder when 250 is divided by 78?
16
Calculate the remainder when 10126 is divided by 41.
40
Calculate the remainder when 242 is divided by 92.
58
Calculate the remainder when 90 is divided by 39.
12
What is the remainder when 942 is divided by 86?
82
What is the remainder when 161 is divided by 29?
16
Calculate the remainder when 716 is divided by 23.
3
What is the remainder when 360 is divided by 27?
9
Calculate the remainder when 1804 is divided by 129.
127
What is the remainder when 598 is divided by 25?
23
Calculate the remainder when 32434 is divided by 199.
196
What is the remainder when 47 is divided by 24?
23
What is the remainder when 214 is divided by 75?
64
What is the remainder when 355 is divided by 94?
73
Calculate the remainder when 50 is divided by 9.
5
What is the remainder when 364 is divided by 47?
35
What is the remainder when 63509 is divided by 146?
145
Calculate the remainder when 183 is divided by 9.
3
What is the remainder when 39 is divided by 22?
17
Calculate the remainder when 3354 is divided by 7.
1
Calculate the remainder when 678 is divided by 57.
51
What is the remainder when 401 is divided by 213?
188
Calculate the remainder when 24624 is divided by 197.
196
Calculate the remainder when 94 is divided by 49.
45
What is the remainder when 170 is divided by 162?
8
What is the remainder when 9080 is divided by 38?
36
Calculate the remainder when 215 is divided by 125.
90
What is the remainder when 239 is divided by 12?
11
Calculate the remainder when 780 is divided by 678.
102
Calculate the remainder when 480 is divided by 237.
6
What is the remainder when 932 is divided by 85?
82
What is the remainder when 101 is divided by 17?
16
Calculate the remainder when 74 is divided by 38.
36
What is the remainder when 6844 is divided by 89?
80
Calculate the remainder when 99 is divided by 50.
49
Calculate the remainder when 271 is divided by 259.
12
What is the remainder when 3023 is divided by 24?
23
What is the remainder when 634 is divided by 59?
44
What is the remainder when 1227 is divided by 158?
121
Calculate the remainder when 567 is divided by 10.
7
What is the remainder when 1279 is divided by 422?
13
Calculate the remainder when 115 is divided by 5.
0
Calculate the remainder when 1352 is divided by 80.
72
Calculate the remainder when 166 is divided by 54.
4
What is the remainder when 402 is divided by 48?
18
Calculate the remainder when 55 is divided by 28.
27
What is the remainder when 167 is divided by 22?
13
Calculate the remainder when 1565 is divided by 226.
209
Calculate the remainder when 891 is divided by 60.
51
What is the remainder when 120 is divided by 32?
24
What is the remainder when 249 is divided by 12?
9
What is the remainder when 1326 is divided by 10?
6
Calculate the remainder when 187 is divided by 19.
16
Calculate the remainder when 542 is divided by 82.
50
What is the remainder when 405 is divided by 82?
77
What is the remainder when 32 is divided by 21?
11
What is the remainder when 72 is divided by 26?
20
Calculate the remainder when 951 is divided by 79.
3
Calculate the remainder when 39 is divided by 8.
7
Calculate the remainder when 19 is divided by 5.
4
Calculate the remainder when 139 is divided by 4.
3
Calculate the remainder when 249 is divided by 17.
11
What is the remainder when 45 is divided by 10?
5
What is the remainder when 1343 is divided by 12?
11
What is the remainder when 318 is divided by 29?
28
What is the remainder when 508 is divided by 340?
168
What is the remainder when 143 is divided by 55?
33
What is the remainder when 772 is divided by 18?
16
Calculate the remainder when 1118 is divided by 42.
26
Calculate the remainder when 5929 is divided by 40.
9
What is the remainder when 699 is divided by 27?
24
What is the remainder when 607 is divided by 92?
55
Calculate the remainder when 77 is divided by 43.
34
What is the remainder when 2675 is divided by 103?
100
Calculate the remainder when 788 is divided by 79.
77
Calculate the remainder when 166 is divided by 33.
1
What is the remainder when 434 is divided by 20?
14
What is the remainder when 309 is divided by 35?
29
Calculate the remainder when 348 is divided by 32.
28
What is the remainder when 61 is divided by 23?
15
What is the remainder when 671 is divided by 16?
15
What is the remainder when 252 is divided by 82?
6
Calculate the remainder when 349 is divided by 89.
82
What is the remainder when 925 is divided by 462?
1
Calculate the remainder when 162 is divided by 18.
0
Calculate the remainder when 1837 is divided by 46.
43
What is the remainder when 1676 is divided by 80?
76
What is the remainder when 2553 is divided by 35?
33
What is the remainder when 1095 is divided by 231?
171
Calculate the remainder when 91 is divided by 32.
27
What is the remainder when 3432 is divided by 101?
99
What is the remainder when 19557 is divided by 24?
21
Calculate the remainder when 7458 is divided by 82.
78
Calculate the remainder when 2365 is divided by 182.
181
Calculate the remainder when 43 is divided by 26.
17
What is the remainder when 487 is divided by 70?
67
What is the remainder when 191 is divided by 15?
11
What is the remainder when 544 is divided by 7?
5
Calculate the remainder when 472 is divided by 56.
24
Calculate the remainder when 76 is divided by 20.
16
Calculate the remainder when 179 is divided by 15.
14
Calculate the remainder when 145 is divided by 25.
20
What is the remainder when 135 is divided by 62?
11
Calculate the remainder when 369 is divided by 203.
166
Calculate the remainder when 427 is divided by 86.
83
What is the remainder when 112 is divided by 30?
22
What is the remainder when 1532 is divided by 192?
188
Calculate the remainder when 473 is divided by 78.
5
Calculate the remainder when 757 is divided by 47.
5
What is the remainder when 1622 is divided by 598?
426
Calculate the remainder when 403 is divided by 56.
11
What is the remainder when 213 is divided by 103?
7
What is the remainder when 5095 is divided by 13?
12
Calculate the remainder when 1061 is divided by 76.
73
What is the remainder when 81 is divided by 12?
9
What is the remainder when 873 is divided by 119?
40
What is the remainder when 1829 is divided by 21?
2
Calculate the remainder when 219 is divided by 38.
29
What is the remainder when 183 is divided by 31?
28
What is the remainder when 27 is divided by 10?
7
Calculate the remainder when 208 is divided by 53.
49
What is the remainder when 529 is divided by 25?
4
Calculate the remainder when 771 is divided by 43.
40
What is the remainder when 138 is divided by 35?
33
What is the remainder when 139 is divided by 115?
24
Calculate the remainder when 273 is divided by 46.
43
What is the remainder when 93 is divided by 47?
46
Calculate the remainder when 211 is divided by 25.
11
Calculate the remainder when 648 is divided by 45.
18
Calculate the remainder when 10 is divided by 8.
2
What is the remainder when 379 is di